
3
What is the units digit of 1809?
9
What is the units digit of 27873?
3
What is the units digit of 4019?
9
What is the hundreds digit of 18251?
2
What is the tens digit of 3155?
5
What is the tens digit of 260?
6
What is the units digit of 406?
6
What is the thousands digit of 48126?
8
What is the hundreds digit of 2113?
1
What is the hundreds digit of 1932?
9
What is the tens digit of 29642?
4
What is the thousands digit of 15723?
5
What is the thousands digit of 67231?
7
What is the units digit of 76903?
3
What is the units digit of 6038?
8
What is the tens digit of 3127?
2
What is the hundreds digit of 824?
8
What is the hundreds digit of 610?
6
What is the hundreds digit of 65600?
6
What is the thousands digit of 2394?
2
What is the hundreds digit of 2195?
1
What is the tens digit of 898?
9
What is the units digit of 82?
2
What is the hundreds digit of 5436?
4
What is the units digit of 2819?
9
What is the ten thousands digit of 30309?
3
What is the units digit of 55229?
9
What is the thousands digit of 77768?
7
What is the hundreds digit of 295?
2
What is the tens digit of 51308?
0
What is the hundreds digit of 40531?
5
What is the tens digit of 2397?
9
What is the tens digit of 9929?
2
What is the thousands digit of 67423?
7
What is the tens digit of 15906?
0
What is the units digit of 277?
7
What is the hundreds digit of 462?
4
What is the hundreds digit of 1867?
8
What is the thousands digit of 9750?
9
What is the hundreds digit of 43266?
2
What is the units digit of 430?
0
What is the thousands digit of 26364?
6
What is the units digit of 4133?
3
What is the tens digit of 37?
3
What is the ten thousands digit of 24719?
2
What is the units digit of 7649?
9
What is the hundreds digit of 7728?
7
What is the tens digit of 85304?
0
What is the tens digit of 2917?
1
What is the hundreds digit of 1797?
7
What is the hundreds digit of 1461?
4
What is the thousands digit of 5438?
5
What is the ten thousands digit of 15835?
1
What is the tens digit of 1875?
7
What is the units digit of 51?
1
What is the units digit of 1698?
8
What is the thousands digit of 25077?
5
What is the units digit of 1460?
0
What is the ten thousands digit of 40963?
4
What is the ten thousands digit of 68836?
6
What is the units digit of 19212?
2
What is the hundreds digit of 1528?
5
What is the units digit of 1388?
8
What is the hundreds digit of 24441?
4
What is the thousands digit of 1194?
1
What is the hundreds digit of 271?
2
What is the hundreds digit of 1635?
6
What is the hundreds digit of 3241?
2
What is the tens digit of 14710?
1
What is the tens digit of 59193?
9
What is the tens digit of 568?
6
What is the units digit of 2505?
5
What is the thousands digit of 8878?
8
What is the tens digit of 93?
9
What is the hundreds digit of 2942?
9
What is the tens digit of 1086?
8
What is the units digit of 11513?
3
What is the units digit of 47509?
9
What is the units digit of 26530?
0
What is the units digit of 28894?
4
What is the units digit of 5741?
1
What is the units digit of 576?
6
What is the thousands digit of 1622?
1
What is the hundreds digit of 16932?
9
What is the ten thousands digit of 106078?
0
What is the hundreds digit of 10401?
4
What is the tens digit of 7342?
4
What is the hundreds digit of 22900?
9
What is the ten thousands digit of 39322?
3
What is the units digit of 21585?
5
What is the units digit of 6?
6
What is the hundreds digit of 4308?
3
What is the tens digit of 44564?
6
What is the units digit of 24680?
0
What is the hundreds digit of 21794?
7
What is the tens digit of 13263?
6
What is the ten thousands digit of 38533?
3
What is the hundreds digit of 435?
4
What is the hundreds digit of 8283?
2
What is the thousands digit of 6708?
6
What is the thousands digit of 14520?
4
What is the hundreds digit of 44739?
7
What is the tens digit of 1537?
3
What is the tens digit of 5396?
9
What is the units digit of 42695?
5
What is the thousands digit of 2609?
2
What is the tens digit of 866?
6
What is the tens digit of 7939?
3
What is the thousands digit of 14226?
4
What is the tens digit of 1427?
2
What is the units digit of 18623?
3
What is the units digit of 52473?
3
What is the thousands digit of 9695?
9
What is the units digit of 252?
2
What is the tens digit of 47?
4
What is the units digit of 446?
6
What is the thousands digit of 44579?
4
What is the tens digit of 978?
7
What is the tens digit of 827?
2
What is the thousands digit of 4110?
4
What is the hundreds digit of 3032?
0
What is the units digit of 4734?
4
What is the units digit of 1048?
8
What is the units digit of 50993?
3
What is the hundreds digit of 2714?
7
What is the hundreds digit of 32448?
4
What is the tens digit of 27?
2
What is the units digit of 1504?
4
What is the tens digit of 1224?
2
What is the ten thousands digit of 21387?
2
What is the hundreds digit of 4042?
0
What is the ten thousands digit of 62790?
6
What is the units digit of 5217?
7
What is the units digit of 1341?
1
What is the units digit of 13332?
2
What is the units digit of 15396?
6
What is the units digit of 80725?
5
What is the units digit of 9905?
5
What is the ten thousands digit of 126331?
2
What is the tens digit of 5135?
3
What is the hundreds digit of 25714?
7
What is the tens digit of 6205?
0
What is the ten thousands digit of 90355?
9
What is the hundreds digit of 17193?
1
What is the thousands digit of 21371?
1
What is the thousands digit of 15319?
5
What is the hundreds digit of 33742?
7
What is the units digit of 692?
2
What is the hundreds digit of 273?
2
What is the ten thousands digit of 14583?
1
What is the hundreds digit of 3896?
8
What is the units digit of 571?
1
What is the hundreds digit of 6267?
2
What is the thousands digit of 7593?
7
What is the hundreds digit of 118434?
4
What is the hundreds digit of 21582?
5
What is the units digit of 623?
3
What is the tens digit of 11068?
6
What is the units digit of 1190?
0
What is the units digit of 17601?
1
What is the units digit of 6812?
2
What is the thousands digit of 4669?
4
What is the thousands digit of 7355?
7
What is the hundreds digit of 51175?
1
What is the hundreds digit of 55481?
4
What is the hundreds digit of 1415?
4
What is the tens digit of 4507?
0
What is the tens digit of 6934?
3
What is the ten thousands digit of 18036?
1
What is the thousands digit of 4773?
4
What is the tens digit of 667?
6
What is the thousands digit of 5415?
5
What is the tens digit of 7179?
7
What is the thousands digit of 5087?
5
What is the tens digit of 658?
5
What is the hundreds digit of 3015?
0
What is the tens digit of 721?
2
What is the hundreds digit of 48163?
1
What is the thousands digit of 5895?
5
What is the thousands digit of 12940?
2
What is the hundreds digit of 1957?
9
What is the hundreds digit of 38429?
4
What is the units digit of 521?
1
What is the ten thousands digit of 63724?
6
What is the hundreds digit of 430?
4
What is the units digit of 15?
5
What is the tens digit of 106?
0
What is the hundreds digit of 30133?
1
What is the units digit of 107?
7
What is the hundreds digit of 28373?
3
What is the hundreds digit of 149?
1
What is the thousands digit of 3877?
3
What is the tens digit of 3275?
7
What is the thousands digit of 12553?
2
What is the hundreds digit of 21861?
8
What is the units digit of 7260?
0
What is the tens digit of 1410?
1
What is the thousands digit of 42200?
2
What is the units digit of 4705?
5
What is the tens digit of 10829?
2
What is the ten thousands digit of 13586?
1
What is the tens digit of 16507?
0
What is the tens digit of 84811?
1
What is the hundreds digit of 77103?
1
What is the ten thousands digit of 75802?
7
What is the hundreds digit of 2120?
1
What is the tens digit of 3861?
6
What is the tens digit of 2344?
4
What is the tens digit of 54902?
0
What is the thousands digit of 2150?
2
What is the hundreds digit of 92093?
0
What is the hundreds digit of 2316?
3
What is the thousands digit of 31332?
1
What is the units digit of 1121?
1
What is the units digit of 4597?
7
What is the units digit of 46062?
2
What is the tens digit of 595?
9
What is the thousands digit of 4140?
4
What is the hundreds digit of 1418?
4
What is the tens digit of 1978?
7
What is the thousands digit of 28507?
8
